 9.
-4448
What is 11b20 (base 12) in base 14?
8ab6
Convert -3214 (base 6) to base 9.
-1001
7 (base 13) to base 16
7
Convert -155bc (base 13) to base 6.
-511414
316 (base 9) to base 4
10002
What is 1d1 (base 16) in base 10?
465
Convert 58c0 (base 14) to base 16.
3c60
What is 604 (base 12) in base 4?
31210
What is 135454 (base 8) in base 4?
23230230
What is 32b (base 13) in base 15?
264
Convert -1747 (base 11) to base 15.
-9d9
13354 (base 12) to base 15
7c61
8b5 (base 12) to base 11
a72
What is 10205 (base 7) in base 4?
213020
2723 (base 8) to base 16
5d3
4430 (base 5) to base 14
31d
-1122202 (base 3) to base 11
-9a9
12331 (base 4) to base 11
375
-24211 (base 9) to base 12
-946a
-27235 (base 9) to base 7
-104462
What is 4b6 (base 13) in base 8?
1471
Convert 100000010001 (base 2) to base 7.
6010
-152 (base 13) to base 11
-1a5
Convert -7005 (base 11) to base 8.
-22152
Convert 516 (base 14) to base 15.
46a
Convert 861 (base 9) to base 6.
3131
-433 (base 13) to base 9
-877
12263 (base 7) to base 5
100410
Convert 176 (base 16) to base 14.
1ca
What is 40523 (base 6) in base 13?
25aa
Convert -1ba0 (base 15) to base 12.
-3580
Convert -14613 (base 7) to base 15.
-131c
Convert -67 (base 9) to base 7.
-115
132 (base 10) to base 16
84
Convert -110011 (base 3) to base 7.
-646
What is 1814 (base 9) in base 6?
10234
Convert 633 (base 10) to base 8.
1171
31 (base 12) to base 13
2b
What is -457 (base 9) in base 16?
-178
20222102 (base 3) to base 2
1001111011111
Convert -2112220111 (base 3) to base 2.
-1100010000111001
What is 25507 (base 9) in base 16?
431b
What is -212 (base 13) in base 8?
-541
-121110101 (base 3) to base 16
-2ede
Convert c08a (base 13) to base 11.
18991
What is d90 (base 14) in base 8?
5162
Convert 2ad (base 14) to base 12.
395
1111 (base 7) to base 6
1504
What is 522 (base 6) in base 2?
11000010
Convert -120104 (base 5) to base 15.
-1489
What is -427 (base 11) in base 16?
-201
What is 3f7 (base 16) in base 13?
601
What is -855 (base 9) in base 16?
-2ba
What is -21032 (base 4) in base 13?
-365
Convert 17203 (base 8) to base 12.
462b
What is -1323 (base 9) in base 10?
-993
Convert 60 (base 8) to base 9.
53
What is 245 (base 16) in base 5?
4311
-1643 (base 10) to base 11
-1264
Convert 21011 (base 4) to base 16.
245
Convert -233131 (base 4) to base 15.
-d77
Convert -76 (base 15) to base 2.
-1101111
What is -19c (base 16) in base 5?
-3122
Convert 3131 (base 8) to base 16.
659
-12100 (base 4) to base 5
-3100
Convert -99 (base 12) to base 9.
-140
What is -131246 (base 7) in base 6?
-305205
Convert cc04 (base 14) to base 7.
204604
15c (base 14) to base 4
10112
Convert -154 (base 6) to base 2.
-1000110
What is -23e (base 15) in base 7?
-1325
109a (base 12) to base 4
130312
-32627 (base 9) to base 12
-10644
Convert -17 (base 14) to base 2.
-10101
Convert 23202222 (base 4) to base 2.
1011100010101010
Convert 1282 (base 11) to base 12.
b67
Convert -b2b7 (base 12) to base 13.
-8b00
20263 (base 7) to base 4
1031101
Convert -1230 (base 8) to base 12.
-474
What is -23c (base 15) in base 12?
-363
Convert -1000011121 (base 3) to base 4.
-10311133
Convert -5869 (base 12) to base 3.
-111112200
Convert 267 (base 13) to base 11.
355
-11020 (base 3) to base 14
-82
What is 28226 (base 10) in base 6?
334402
Convert 2111341 (base 5) to base 8.
104625
Convert -16984 (base 10) to base 14.
-6292
Convert 23310 (base 4) to base 15.
356
Convert -1213213 (base 4) to base 9.
-10077
10101011111000 (base 2) to base 4
2223320
101000110111010 (base 2) to base 4
11012322
a36 (base 12) to base 2
10111001010
What is 1038 (base 12) in base 6?
12112
-20000011 (base 3) to base 11
-3320
-635 (base 12) to base 14
-489
What is 22440 (base 5) in base 16?
654
What is 120331 (base 4) in base 16?
63d
-104 (base 11) to base 14
-8d
Convert -bcd3 (base 15) to base 3.
-2000220100
Convert 2607 (base 10) to base 3.
10120120
-100111 (base 2) to base 3
-1110
Convert 30653 (base 8) to base 12.
7437
What is 3153 (base 8) in base 5?
23033
Convert 1618 (base 10) to base 16.
652
-34160 (base 7) to base 8
-20732
What is 13848 (base 10) in base 16?
3618
62 (base 13) to base 14
5a
-713 (base 8) to base 15
-209
What is 111101000 (base 2) in base 7?
1265
Convert 1010111111100 (base 2) to base 14.
20a0
Convert 13898 (base 10) to base 6.
144202
What is 452 (base 6) in base 9?
215
Convert 1111321 (base 4) to base 9.
7477
What is -100001000010110 (base 2) in base 8?
-41026
What is -1010010100011011 (base 2) in base 14?
-11591
Convert -3b9 (base 12) to base 11.
-481
507a (base 16) to base 4
11001322
Convert 2222 (base 5) to base 7.
624
105220 (base 6) to base 13
40b9
What is -12320 (base 11) in base 2?
-100010100011000
Convert 6902 (base 10) to base 11.
5205
652 (base 12) to base 15
41b
What is -1012002001 (base 3) in base 11?
-16628
Convert -2114341 (base 5) to base 13.
-13282
What is 14792 (base 10) in base 13?
696b
6eb (base 16) to base 8
3353
What is 281 (base 9) in base 8?
353
1674 (base 10) to base 15
769
-174 (base 12) to base 10
-232
1398 (base 12) to base 8
4344
-c1b (base 14) to base 4
-211021
-31058 (base 9) to base 14
-765b
Convert 202 (base 16) to base 6.
2214
-45031 (base 6) to base 4
-1202023
19a3 (base 12) to base 16
c4b
Convert -18d (base 14) to base 16.
-141
17b8 (base 13) to base 3
11211210
What is -1001110101100 (base 2) in base 16?
-13ac
Convert -200 (base 6) to base 9.
-80
What is -5047 (base 12) in base 7?
-34231
Convert 562 (base 8) to base 9.
451
Convert -111142 (base 5) to base 7.
-14302
10ac (base 13) to base 2
100100100011
Convert 1324 (base 11) to base 12.
bb4
What is -3100 (base 5) in base 8?
-620
Convert -32212 (base 7) to base 6.
-101004
Convert 13020120 (base 4) to base 16.
7218
Convert 11332 (base 4) to base 8.
576
73a3 (base 14) to base 8
46743
Convert 9a2 (base 13) to base 4.
121311
4858 (base 11) to base 10
6355
What is 221020 (base 3) in base 10?
681
What is -288 (base 11) in base 8?
-522
-5766 (base 9) to base 12
-2580
What is 5044 (base 13) in base 8?
25441
Convert 72 (base 8) to base 14.
42
What is -77 (base 13) in base 12?
-82
Convert 24750 (base 8) to base 15.
32a3
What is -25849 (base 11) in base 4?
-21001132
1754 (base 13) to base 15
104e
What is 1704 (base 13) in base 2?
110100111000
What is -1012320 (base 4) in base 12?
-2760
18 (base 9) to base 10
17
5776 (base 15) to base 8
44201
Convert -23302 (base 4) to base 10.
-754
What is -42252 (base 8) in base 14?
-6598
What is 278 (base 16) in base 15?
2c2
Convert 33123012 (base 4) to base 13.
229a7
1c4f (base 16) to base 8
16117
Convert 3c8a (base 15) to base 3.
122202211
-29745 (base 10) to base 15
-8c30
Convert 1830 (base 10) to base 3.
2111210
Convert 8315 (base 12) to base 5.
424043
Convert 17984 (base 11) to base 8.
61063
What is 2dc (base 14) in base 2?
1001001010
Convert -78b (base 12) to base 13.
-67a
Convert -317b (base 14) to base 11.
-6461
942 (base 11) to base 15
50a
What is -463 (base 10) in base 16?
-1cf
1307 (base 10) to base 7
3545
What is -10001 (base 2) in base 4?
-101
32504 (base 6) to base 10
4504
What is -1c72 (base 14) in base 11?
-39a4
Convert -701 (base 15) to base 16.
-628
33120131 (base 4) to base 13
228a7
2b0b (base 15) to base 10
9236
What is 2410 (base 5) in base 8?
543
-175 (base 15) to base 8
-517
-a1 (base 13) to base 8
-203
Convert -26541 (base 7) to base 4.
-1233132
2534 (base 7) to base 11
79a
Convert 4256 (base 7) to base 10.
1511
Convert 736 (base 11) to base 10.
886
Convert -15221 (base 6) to base 13.
-1174
What is -112212020 (base 3) in base 2?
-10101001010001
Convert -d8a (base 16) to base 15.
-1061
Convert 4142 (base 6) to base 8.
1636
What is -285 (base 12) in base 2?
-110000101
What is 11110100010 (base 2) in base 11?
1517
Convert 705 (base 11) to base 6.
3540
-12a0 (base 11) to base 2
-11010010011
1444 (base 7) to base 2
1000111011
-2010 (base 4) to base 15
-8c
What is -19a (base 13) in base 7?
-602
Convert -5513 (base 7) to base 16.
-7b2
Convert 12420 (base 5) to base 14.
505
Convert -18183 (base 13) to base 11.
-31964
Convert -6669 (base 16) to base 14.
-97a9
Convert -54112 (base 8) to base 7.
-122616
-a96 (base 11) to base 12
-917
-385 (base 12) to base 9
-652
Convert -212102 (base 3) to base 15.
-2c2
240433 (base 5) to base 8
21244
What is 1110001101 (base 2) in base 10?
